 304242 (base 5) to base 13.
46b2
Convert 10031 (base 4) to base 11.
225
-1955 (base 11) to base 5
-34410
4142 (base 5) to base 10
547
What is -155 (base 9) in base 10?
-131
Convert 3e5 (base 16) to base 13.
5b9
What is -456 (base 7) in base 10?
-237
Convert 30120310 (base 4) to base 14.
146c4
2a94 (base 14) to base 12
4476
What is -644 (base 15) in base 16?
-586
-13c (base 13) to base 16
-dc
Convert 1586 (base 9) to base 2.
10010111100
What is -10001110111101001 (base 2) in base 12?
-36435
Convert 23013313 (base 4) to base 9.
68441
Convert -130531 (base 6) to base 14.
-4475
What is 435113 (base 6) in base 16?
8d15
-37a (base 15) to base 16
-316
Convert -23313 (base 4) to base 15.
-359
-493 (base 15) to base 12
-726
What is -24785 (base 9) in base 7?
-66431
Convert -210012 (base 3) to base 8.
-1074
-c61 (base 14) to base 13
-1156
What is 201002221 (base 3) in base 13?
6457
25c9 (base 16) to base 8
22711
What is 454 (base 11) in base 12?
393
13ab (base 16) to base 4
1032223
What is 1176 (base 9) in base 5?
12004
274 (base 11) to base 12
22b
56055 (base 7) to base 6
145143
-1b46 (base 15) to base 16
-171c
-444242 (base 5) to base 13
-711b
-3544 (base 8) to base 6
-12432
-17a19 (base 12) to base 6
-422433
Convert 4258 (base 10) to base 11.
3221
Convert -22211222 (base 3) to base 13.
-2c24
Convert 7ac3 (base 15) to base 7.
135654
What is -b (base 12) in base 2?
-1011
What is 41 (base 16) in base 4?
1001
Convert 26743 (base 9) to base 6.
215450
What is 1220301 (base 4) in base 13?
308a
What is 1220022010 (base 3) in base 14?
d8b4
-596 (base 10) to base 5
-4341
Convert -2c (base 13) to base 8.
-46
Convert -3bb (base 13) to base 7.
-1633
What is 4240434 (base 5) in base 8?
213311
What is -13c6 (base 13) in base 4?
-230302
What is -600b (base 15) in base 6?
-233445
Convert 2d21 (base 14) to base 7.
32341
What is -2dd (base 15) in base 2?
-1010010010
What is -1377 (base 11) in base 14?
-910
1b0 (base 14) to base 13
20c
3c58 (base 13) to base 12
5044
31563 (base 7) to base 16
1e9c
What is 113 (base 15) in base 13?
159
Convert 4b7 (base 15) to base 6.
4544
What is -1120332 (base 4) in base 13?
-2790
Convert 1021022 (base 3) to base 9.
1238
What is -246 (base 14) in base 9?
-554
Convert 1635 (base 10) to base 16.
663
Convert -2100022 (base 3) to base 13.
-a16
-603 (base 16) to base 5
-22124
479 (base 11) to base 13
34b
Convert -1046 (base 16) to base 6.
-31142
Convert -517 (base 12) to base 3.
-1000101
What is -4c1 (base 14) in base 16?
-3b9
What is -1212 (base 8) in base 14?
-346
Convert -343 (base 14) to base 7.
-1613
Convert 3845 (base 12) to base 3.
22202122
-444431 (base 6) to base 16
-91c3
Convert 71b (base 15) to base 9.
2168
Convert 4e76 (base 15) to base 13.
7824
Convert 52 (base 14) to base 11.
66
342345 (base 7) to base 8
166733
-1102224 (base 5) to base 11
-13361
Convert -43c9 (base 15) to base 9.
-21630
Convert 886 (base 13) to base 15.
677
34162 (base 8) to base 5
430300
913 (base 10) to base 12
641
513 (base 12) to base 9
1006
Convert 16b2 (base 15) to base 6.
34352
-1121020 (base 3) to base 16
-48f
What is 7984 (base 10) in base 8?
17460
What is -5cc0 (base 13) in base 9?
-20052
Convert 5875 (base 9) to base 11.
3305
Convert 21201112 (base 3) to base 13.
2741
10446 (base 14) to base 2
1001100101011110
What is 333c (base 16) in base 5?
404431
What is 2394 (base 14) in base 13?
2a95
Convert -10333 (base 4) to base 5.
-2234
Convert 314124 (base 5) to base 12.
6123
Convert 3f (base 16) to base 8.
77
34432 (base 7) to base 9
13051
-22221233 (base 4) to base 13
-16b23
Convert -7458 (base 14) to base 11.
-14096
What is -2312 (base 10) in base 14?
-bb2
Convert -123 (base 13) to base 2.
-11000110
982 (base 14) to base 10
1878
What is 16374 (base 8) in base 6?
54204
Convert 2370 (base 8) to base 5.
20042
40715 (base 8) to base 6
205553
What is 16b (base 13) in base 10?
258
What is -2030 (base 8) in base 4?
-100120
1111111010000 (base 2) to base 15
262e
What is 19a95 (base 14) in base 4?
33322303
Convert -6869 (base 13) to base 2.
-11100100011101
493a (base 15) to base 8
36334
111032 (base 6) to base 2
10010001011100
What is -11c6 (base 15) in base 9?
-5166
Convert 1495 (base 10) to base 7.
4234
What is -2080 (base 10) in base 9?
-2761
1110 (base 5) to base 7
311
What is -10111101010000 (base 2) in base 14?
-45b2
12242 (base 9) to base 2
10000000011011
What is 381 (base 11) in base 14?
244
What is -1012 (base 7) in base 11?
-2a0
What is 1987 (base 10) in base 16?
7c3
What is 247 (base 16) in base 10?
583
What is 110421 (base 5) in base 9?
5260
-1110010000 (base 2) to base 6
-4120
Convert 4e8c (base 16) to base 7.
112424
Convert -2014244 (base 5) to base 2.
-111111011000001
Convert -6161 (base 7) to base 14.
-ad8
-12022 (base 6) to base 13
-a40
What is -2565 (base 8) in base 4?
-111311
Convert 135410 (base 7) to base 5.
1312203
-2118 (base 11) to base 3
-10211210
Convert -286d (base 14) to base 5.
-212103
Convert -2432 (base 8) to base 15.
-5c1
-44129 (base 10) to base 5
-2403004
-111223 (base 4) to base 12
-977
What is 359 (base 11) in base 13?
26b
What is 10a15 (base 16) in base 11?
471a5
-1233 (base 5) to base 3
-21011
What is 5a4 (base 15) in base 8?
2377
-1037 (base 8) to base 3
-202010
Convert -10972 (base 12) to base 3.
-1010100012
-11100001110 (base 2) to base 12
-1066
What is 3842 (base 11) in base 2?
1001110001111
What is 110011110000 (base 2) in base 14?
12c8
Convert -175a9 (base 11) to base 14.
-8dd0
What is 1413221 (base 6) in base 11?
54a46
Convert -1450 (base 8) to base 2.
-1100101000
-6244 (base 13) to base 16
-3508
What is 26a (base 14) in base 4?
13212
What is 11100110001 (base 2) in base 10?
1841
Convert 12332 (base 4) to base 2.
110111110
10022220 (base 3) to base 12
14a3
10121000 (base 3) to base 8
5073
Convert 24aa (base 16) to base 15.
2bab
12140 (base 5) to base 10
920
Convert 1447 (base 9) to base 6.
5024
What is -6633 (base 9) in base 16?
-131a
Convert 206 (base 9) to base 2.
10101000
What is 10011000010111 (base 2) in base 7?
40300
-1b82 (base 15) to base 8
-13524
What is -113133 (base 6) in base 12?
-57a9
Convert 279 (base 10) to base 3.
101100
-5cb (base 13) to base 3
-1101111
Convert ac8 (base 16) to base 9.
3706
What is ac4 (base 16) in base 6?
20432
1012201 (base 3) to base 6
4031
120011 (base 3) to base 5
3114
-22202 (base 5) to base 7
-4345
-5850 (base 10) to base 7
-23025
10443 (base 5) to base 6
3244
-1110000101 (base 2) to base 15
-401
Convert -12230 (base 8) to base 11.
-3a63
Convert -24207 (base 9) to base 13.
-74b9
Convert -11011001010 (base 2) to base 12.
-100a
What is -224515 (base 6) in base 10?
-19199
Convert -1143024 (base 5) to base 13.
-9b07
425 (base 15) to base 11
780
What is -4011 (base 7) in base 11?
-1045
What is -11001111 (base 2) in base 7?
-414
What is -5957 (base 11) in base 16?
-1e7e
1010010 (base 3) to base 14
421
What is -48b (base 15) in base 13?
-614
Convert 11111101100 (base 2) to base 5.
31103
What is -19754 (base 12) in base 7?
-213631
What is -12113312 (base 4) in base 13?
-bb5b
What is -891a (base 15) in base 9?
-43757
-910 (base 12) to base 15
-5c3
What is ba5 (base 12) in base 7?
4661
Convert -1002121122 (base 3) to base 2.
-101010001010110
Convert 545143 (base 6) to base 13.
17766
What is 11169 (base 10) in base 14?
40db
830b (base 15) to base 16
6c26
What is -666 (base 12) in base 11?
-787
Convert -2353 (base 6) to base 2.
-1000111101
3696 (base 10) to base 4
321300
Convert -385f (base 16) to base 10.
-14431
3ee (base 15) to base 9
1208
Convert -1596 (base 15) to base 4.
-1020201
What is 64b (base 15) in base 4?
112031
What is 1000011110101010 (base 2) in base 5?
2102410
-80c0 (base 16) to base 11
-22844
-a5a6 (base 11) to base 5
-422111
Convert -20860 (base 10) to base 5.
-1131420
What is 562 (base 14) in base 2?
10000101010
What is 201203 (base 4) in base 7?
6155
1000210 (base 3) to base 13
459
What is 31356 (base 8) in base 5?
404123
1321 (base 12) to base 7
6241
What is 223 (base 5) in base 8?
77
451 (base 11) to base 10
540
Convert -22243 (base 10) to base 15.
-68cd
What is 2422 (base 5) in base 10?
362
What is 14008 (base 10) in base 5?
422013
-230003 (base 4) to base 12
-176b
Convert -37c5 (base 15) to base 12.
-6a65
Convert -443 (base 11) to base 14.
-29d
-1011000011 (b